{"id":241,"date":"2025-04-16T20:21:13","date_gmt":"2025-04-16T20:21:13","guid":{"rendered":"https:\/\/cell-health.com.mx\/portal\/?page_id=241"},"modified":"2025-05-13T19:29:57","modified_gmt":"2025-05-13T19:29:57","slug":"quienes-somos","status":"publish","type":"page","link":"https:\/\/cell-health.com.mx\/portal\/quienes-somos\/","title":{"rendered":"Quienes somos"},"content":{"rendered":"<div class=\"wpb-content-wrapper\"><p>[vc_row css=&#8221;.vc_custom_1744836692183{padding-top: 85px !important;}&#8221;][vc_column width=&#8221;1\/2&#8243;]\n\n\n    <h1 id=\"heading_69da0b208d47d\" class=\"li-heading  left fw-bold\"  >\n        Curr\u00edculo            <\/h1>\n\n\n\n    \n        <div id=\"textblock_69da0b208d4c5\" class=\"li-textblock\" >\n        <p>El doctor, cient\u00edfico e investigador, <strong>H\u00e9ctor Manuel Zepeda L\u00f3pez<\/strong>, fundador de <strong>Cell &amp; Health <\/strong>y m\u00faltiples empresas m\u00e1s, tiene una larga trayectoria en investigaci\u00f3n. Estudi\u00f3 la licenciatura de <strong>Qu\u00edmico Bacteri\u00f3logo y Parasit\u00f3logo <\/strong>en la Escuela Nacional de Ciencias Biol\u00f3gicas IPN 1974-1979<strong>. <\/strong>Obtuvo posgrados como <strong>Maestro en Ciencias especialidad Microbiolog\u00eda<\/strong> y <strong>Doctor en Ciencias especialidad Microbiolog\u00eda <\/strong>por la misma universidad en 1987.<\/p>\n<p>Labor\u00f3 como docente en diversas universidades como la Universidad Aut\u00f3noma de Puebla, Escuela Nacional de Ciencias Biol\u00f3gicas del I.P.N y la Escuela Superior de Medicina. Obtuvo puestos acad\u00e9micos y administrativos entre los que destacan como jefe de laboratorio Microbiolog\u00eda Veterinaria.<\/p>\n    <\/div>\n\n\n     [\/vc_column][vc_column width=&#8221;1\/2&#8243;][vc_images_carousel images=&#8221;244,245,246,247&#8243; img_size=&#8221;full&#8221; hide_pagination_control=&#8221;yes&#8221; wrap=&#8221;yes&#8221; css=&#8221;&#8221;][\/vc_column][\/vc_row][vc_row css=&#8221;.vc_custom_1744836696390{padding-bottom: 85px !important;}&#8221;][vc_column]\n        <div id=\"textblock_69da0b208d513\" class=\"li-textblock\" >\n        <p>ENCB-IPN 1989-2004, jefe de laboratorio Medicina de Conservaci\u00f3n ESM-IPN 2005-2014 considerado como laboratorio de referencia de SEMARNAT y reconocido por SAGARPA y SALUD, director Unidad Biotecnolog\u00eda M\u00e9dica y Farmac\u00e9utica CIATEJ-CONACYT 2009 y Sistema Nacional de Investigadores nivel 1 2012- 2014. Y coordinador del comit\u00e9 trilateral CANADA-USA-MEXICO sobre el diagnostico de influenza aviar.<\/p>\n    <\/div>\n\n\n     \n        <div id=\"textblock_69da0b208d533\" class=\"li-textblock\" >\n        <p>Cuenta con diversas estancias posdoctorales en Canada, Estados Unidos, Suecia y Francia.<\/p>\n<p><strong>Acreedor de 7 Patentes Internacionales entre las que destaca \u201cT Cell Modulator\u201d US 2016<\/strong>\/0317615 A1 Nov 3 2016. Participe en diversas publicaciones y cap\u00edtulos de libros.<\/p>\n<p>El doctor Zepeda tiene una basta trayectoria profesional adem\u00e1s de contar con m\u00faltiples convenios con INE-SEMARNAT, Wildlife Trust Alliance y PROFEPA del a\u00f1o 2004 al 2012.<\/p>\n    <\/div>\n\n\n     [\/vc_column][\/vc_row]<\/p>\n<\/div>","protected":false},"excerpt":{"rendered":"<p>[vc_row css=&#8221;.vc_custom_1744836692183{padding-top: 85px !important;}&#8221;][vc_column width=&#8221;1\/2&#8243;][\/vc_column][vc_column width=&#8221;1\/2&#8243;][vc_images_carousel images=&#8221;244,245,246,247&#8243; img_size=&#8221;full&#8221; hide_pagination_control=&#8221;yes&#8221; wrap=&#8221;yes&#8221; css=&#8221;&#8221;][\/vc_column][\/vc_row][vc_row css=&#8221;.vc_custom_1744836696390{padding-bottom: 85px !important;}&#8221;][vc_column][\/vc_column][\/vc_row]<\/p>\n","protected":false},"author":1,"featured_media":0,"parent":0,"menu_order":0,"comment_status":"closed","ping_status":"closed","template":"","meta":{"inline_featured_image":false,"_uag_custom_page_level_css":"","footnotes":""},"class_list":["post-241","page","type-page","status-publish","hentry"],"spectra_custom_meta":{"_edit_lock":["1747165311:1"],"_edit_last":["1"],"redux-metabox-section":["0_box_redux-rdx_option-metabox-onpage_options"],"li-onpage-sidebar":["no-sidebar"],"li-onpage-display-mode":["fluid"],"li-onpage-title":[""],"li-onpage-title-bg-color":["a:7:{s:16:\"background-color\";s:0:\"\";s:17:\"background-repeat\";s:0:\"\";s:15:\"background-size\";s:0:\"\";s:21:\"background-attachment\";s:0:\"\";s:19:\"background-position\";s:0:\"\";s:16:\"background-image\";s:0:\"\";s:5:\"media\";a:4:{s:2:\"id\";s:0:\"\";s:6:\"height\";s:0:\"\";s:5:\"width\";s:0:\"\";s:9:\"thumbnail\";s:0:\"\";}}"],"li-onpage-title-text-color":[""],"li-onpage-header-nav":["show"],"li-onpage-footer":["show"],"li-onpage-raw-js-head":[""],"li-onpage-typography":["a:11:{s:11:\"font-family\";s:0:\"\";s:12:\"font-options\";s:0:\"\";s:6:\"google\";s:1:\"1\";s:11:\"font-backup\";s:0:\"\";s:11:\"font-weight\";s:0:\"\";s:10:\"font-style\";s:0:\"\";s:7:\"subsets\";s:0:\"\";s:10:\"text-align\";s:0:\"\";s:9:\"font-size\";s:0:\"\";s:11:\"line-height\";s:0:\"\";s:5:\"color\";s:0:\"\";}"],"li-onpage-color":[""],"li-onpage-link-color":["a:4:{s:7:\"regular\";s:0:\"\";s:5:\"hover\";s:0:\"\";s:7:\"visited\";s:0:\"\";s:6:\"active\";s:0:\"\";}"],"li-onpage-page-background":["a:7:{s:16:\"background-color\";s:0:\"\";s:17:\"background-repeat\";s:0:\"\";s:15:\"background-size\";s:0:\"\";s:21:\"background-attachment\";s:0:\"\";s:19:\"background-position\";s:0:\"\";s:16:\"background-image\";s:0:\"\";s:5:\"media\";a:4:{s:2:\"id\";s:0:\"\";s:6:\"height\";s:0:\"\";s:5:\"width\";s:0:\"\";s:9:\"thumbnail\";s:0:\"\";}}"],"li-onpage-content-background":["a:7:{s:16:\"background-color\";s:0:\"\";s:17:\"background-repeat\";s:0:\"\";s:15:\"background-size\";s:0:\"\";s:21:\"background-attachment\";s:0:\"\";s:19:\"background-position\";s:0:\"\";s:16:\"background-image\";s:0:\"\";s:5:\"media\";a:4:{s:2:\"id\";s:0:\"\";s:6:\"height\";s:0:\"\";s:5:\"width\";s:0:\"\";s:9:\"thumbnail\";s:0:\"\";}}"],"li-onpage-nav-logo":["a:5:{s:3:\"url\";s:0:\"\";s:2:\"id\";s:0:\"\";s:6:\"height\";s:0:\"\";s:5:\"width\";s:0:\"\";s:9:\"thumbnail\";s:0:\"\";}"],"li-onpage-favicon":["a:5:{s:3:\"url\";s:0:\"\";s:2:\"id\";s:0:\"\";s:6:\"height\";s:0:\"\";s:5:\"width\";s:0:\"\";s:9:\"thumbnail\";s:0:\"\";}"],"li-onpage-preloader":[""],"li-onpage-scroll-top":[""],"li-onpage-raw-js-footer":[""],"li-onpage-footer-widget-bar-color":["a:7:{s:16:\"background-color\";s:0:\"\";s:17:\"background-repeat\";s:0:\"\";s:15:\"background-size\";s:0:\"\";s:21:\"background-attachment\";s:0:\"\";s:19:\"background-position\";s:0:\"\";s:16:\"background-image\";s:0:\"\";s:5:\"media\";a:4:{s:2:\"id\";s:0:\"\";s:6:\"height\";s:0:\"\";s:5:\"width\";s:0:\"\";s:9:\"thumbnail\";s:0:\"\";}}"],"li-onpage-footer-widget-bar-content-color":[""],"li-onpage-footer-widget-bar-link-color":["a:4:{s:7:\"regular\";s:0:\"\";s:5:\"hover\";s:0:\"\";s:7:\"visited\";s:0:\"\";s:6:\"active\";s:0:\"\";}"],"li-onpage-footer-copyright":[""],"li-onpage-footer-copyright-color":["a:7:{s:16:\"background-color\";s:0:\"\";s:17:\"background-repeat\";s:0:\"\";s:15:\"background-size\";s:0:\"\";s:21:\"background-attachment\";s:0:\"\";s:19:\"background-position\";s:0:\"\";s:16:\"background-image\";s:0:\"\";s:5:\"media\";a:4:{s:2:\"id\";s:0:\"\";s:6:\"height\";s:0:\"\";s:5:\"width\";s:0:\"\";s:9:\"thumbnail\";s:0:\"\";}}"],"li-onpage-footer-social-icons":[""],"_wp_page_template":["default"],"_wpb_post_custom_layout":["default"],"_wpb_shortcodes_custom_css":[".vc_custom_1744836692183{padding-top: 85px !important;}.vc_custom_1744836696390{padding-bottom: 85px !important;}"],"_wpb_shortcodes_custom_css_updated":["1"],"_wpb_vc_js_status":["true"],"_wpb_post_custom_css":["p {\r\n    text-align: justify;\r\n}"],"_uag_page_assets":["a:9:{s:3:\"css\";s:13555:\".uag-blocks-common-selector{z-index:var(--z-index-desktop) !important}@media (max-width: 976px){.uag-blocks-common-selector{z-index:var(--z-index-tablet) !important}}@media (max-width: 767px){.uag-blocks-common-selector{z-index:var(--z-index-mobile) !important}}\n.wp-block-uagb-container{display:flex;position:relative;box-sizing:border-box;transition-property:box-shadow;transition-duration:0.2s;transition-timing-function:ease}.wp-block-uagb-container .spectra-container-link-overlay{bottom:0;left:0;position:absolute;right:0;top:0;z-index:10}.wp-block-uagb-container.uagb-is-root-container{margin-left:auto;margin-right:auto}.wp-block-uagb-container.alignfull.uagb-is-root-container .uagb-container-inner-blocks-wrap{display:flex;position:relative;box-sizing:border-box;margin-left:auto !important;margin-right:auto !important}.wp-block-uagb-container .wp-block-uagb-blockquote,.wp-block-uagb-container .wp-block-spectra-pro-login,.wp-block-uagb-container .wp-block-spectra-pro-register{margin:unset}.wp-block-uagb-container .uagb-container__video-wrap{height:100%;width:100%;top:0;left:0;position:absolute;overflow:hidden;-webkit-transition:opacity 1s;-o-transition:opacity 1s;transition:opacity 1s}.wp-block-uagb-container .uagb-container__video-wrap video{max-width:100%;width:100%;height:100%;margin:0;line-height:1;border:none;display:inline-block;vertical-align:baseline;-o-object-fit:cover;object-fit:cover;background-size:cover}.wp-block-uagb-container.uagb-layout-grid{display:grid;width:100%}.wp-block-uagb-container.uagb-layout-grid>.uagb-container-inner-blocks-wrap{display:inherit;width:inherit}.wp-block-uagb-container.uagb-layout-grid>.uagb-container-inner-blocks-wrap>.wp-block-uagb-container{max-width:unset !important;width:unset !important}.wp-block-uagb-container.uagb-layout-grid>.wp-block-uagb-container{max-width:unset !important;width:unset !important}.wp-block-uagb-container.uagb-layout-grid.uagb-is-root-container{margin-left:auto;margin-right:auto}.wp-block-uagb-container.uagb-layout-grid.uagb-is-root-container>.wp-block-uagb-container{max-width:unset !important;width:unset !important}.wp-block-uagb-container.uagb-layout-grid.alignwide.uagb-is-root-container{margin-left:auto;margin-right:auto}.wp-block-uagb-container.uagb-layout-grid.alignfull.uagb-is-root-container .uagb-container-inner-blocks-wrap{display:inherit;position:relative;box-sizing:border-box;margin-left:auto !important;margin-right:auto !important}body .wp-block-uagb-container>.uagb-container-inner-blocks-wrap>*:not(.wp-block-uagb-container):not(.wp-block-uagb-column):not(.wp-block-uagb-container):not(.wp-block-uagb-section):not(.uagb-container__shape):not(.uagb-container__video-wrap):not(.wp-block-spectra-pro-register):not(.wp-block-spectra-pro-login):not(.uagb-slider-container):not(.spectra-image-gallery__control-lightbox):not(.wp-block-uagb-info-box),body .wp-block-uagb-container>.uagb-container-inner-blocks-wrap,body .wp-block-uagb-container>*:not(.wp-block-uagb-container):not(.wp-block-uagb-column):not(.wp-block-uagb-container):not(.wp-block-uagb-section):not(.uagb-container__shape):not(.uagb-container__video-wrap):not(.wp-block-spectra-pro-register):not(.wp-block-spectra-pro-login):not(.uagb-slider-container):not(.spectra-container-link-overlay):not(.spectra-image-gallery__control-lightbox):not(.wp-block-uagb-lottie):not(.uagb-faq__outer-wrap){min-width:unset !important;width:100%;position:relative}body .ast-container .wp-block-uagb-container>.uagb-container-inner-blocks-wrap>.wp-block-uagb-container>ul,body .ast-container .wp-block-uagb-container>.uagb-container-inner-blocks-wrap>.wp-block-uagb-container ol,body .ast-container .wp-block-uagb-container>.uagb-container-inner-blocks-wrap>ul,body .ast-container .wp-block-uagb-container>.uagb-container-inner-blocks-wrap ol{max-width:-webkit-fill-available;margin-block-start:0;margin-block-end:0;margin-left:20px}.ast-plain-container .editor-styles-wrapper .block-editor-block-list__layout.is-root-container .uagb-is-root-container.wp-block-uagb-container.alignwide{margin-left:auto;margin-right:auto}.uagb-container__shape{overflow:hidden;position:absolute;left:0;width:100%;line-height:0;direction:ltr}.uagb-container__shape-top{top:-3px}.uagb-container__shape-bottom{bottom:-3px}.uagb-container__shape.uagb-container__invert.uagb-container__shape-bottom,.uagb-container__shape.uagb-container__invert.uagb-container__shape-top{-webkit-transform:rotate(180deg);-ms-transform:rotate(180deg);transform:rotate(180deg)}.uagb-container__shape.uagb-container__shape-flip svg{transform:translateX(-50%) rotateY(180deg)}.uagb-container__shape svg{display:block;width:-webkit-calc(100% + 1.3px);width:calc(100% + 1.3px);position:relative;left:50%;-webkit-transform:translateX(-50%);-ms-transform:translateX(-50%);transform:translateX(-50%)}.uagb-container__shape .uagb-container__shape-fill{-webkit-transform-origin:center;-ms-transform-origin:center;transform-origin:center;-webkit-transform:rotateY(0deg);transform:rotateY(0deg)}.uagb-container__shape.uagb-container__shape-above-content{z-index:9;pointer-events:none}.nv-single-page-wrap .nv-content-wrap.entry-content .wp-block-uagb-container.alignfull{margin-left:calc(50% - 50vw);margin-right:calc(50% - 50vw)}@media only screen and (max-width: 767px){.wp-block-uagb-container .wp-block-uagb-advanced-heading{width:-webkit-fill-available}}.wp-block-uagb-image--align-none{justify-content:center}\n.wp-block-uagb-container.uagb-block-969c8232 .uagb-container__shape-top svg{width: calc( 100% + 1.3px );}.wp-block-uagb-container.uagb-block-969c8232 .uagb-container__shape.uagb-container__shape-top .uagb-container__shape-fill{fill: rgba(51,51,51,1);}.wp-block-uagb-container.uagb-block-969c8232 .uagb-container__shape-bottom svg{width: calc( 100% + 1.3px );}.wp-block-uagb-container.uagb-block-969c8232 .uagb-container__shape.uagb-container__shape-bottom .uagb-container__shape-fill{fill: rgba(51,51,51,1);}.wp-block-uagb-container.uagb-block-969c8232 .uagb-container__video-wrap video{opacity: 1;}.wp-block-uagb-container.uagb-is-root-container .uagb-block-969c8232{max-width: 800px;width: 100%;}.wp-block-uagb-container.uagb-block-969c8232{box-shadow: 0px 0px   #00000070 ;padding-top: 0px;padding-bottom: 0px;padding-left: 0px;padding-right: 0px;margin-top:  !important;margin-bottom:  !important;overflow: visible;order: initial;border-color: inherit;flex-direction: row;align-items: center;justify-content: center;flex-wrap: nowrap;row-gap: 20px;column-gap: 20px;max-width: 800px !important;}.wp-block-uagb-container.uagb-block-7bd92c96 .uagb-container__shape-top svg{width: calc( 100% + 1.3px );}.wp-block-uagb-container.uagb-block-7bd92c96 .uagb-container__shape.uagb-container__shape-top .uagb-container__shape-fill{fill: rgba(51,51,51,1);}.wp-block-uagb-container.uagb-block-7bd92c96 .uagb-container__shape-bottom svg{width: calc( 100% + 1.3px );}.wp-block-uagb-container.uagb-block-7bd92c96 .uagb-container__shape.uagb-container__shape-bottom .uagb-container__shape-fill{fill: rgba(51,51,51,1);}.wp-block-uagb-container.uagb-block-7bd92c96 .uagb-container__video-wrap video{opacity: 1;}.wp-block-uagb-container.uagb-is-root-container .uagb-block-7bd92c96{width: 100%;}.wp-block-uagb-container.uagb-is-root-container.alignfull.uagb-block-7bd92c96 > .uagb-container-inner-blocks-wrap{--inner-content-custom-width: min( 100%, 1140px);max-width: var(--inner-content-custom-width);width: 100%;flex-direction: column;align-items: center;justify-content: center;flex-wrap: nowrap;row-gap: 20px;column-gap: 20px;}.wp-block-uagb-container.uagb-block-7bd92c96{box-shadow: 0px 0px   #00000070 ;padding-top: 0px;padding-bottom: 0px;padding-left: 0px;padding-right: 0px;margin-top:  !important;margin-bottom:  !important;overflow: visible;order: initial;border-color: inherit;flex-direction: column;align-items: center;justify-content: center;flex-wrap: nowrap;row-gap: 20px;column-gap: 20px;}.wp-block-uagb-container.uagb-block-43da069c .uagb-container__shape-top svg{width: calc( 100% + 1.3px );}.wp-block-uagb-container.uagb-block-43da069c .uagb-container__shape.uagb-container__shape-top .uagb-container__shape-fill{fill: rgba(51,51,51,1);}.wp-block-uagb-container.uagb-block-43da069c .uagb-container__shape-bottom svg{width: calc( 100% + 1.3px );}.wp-block-uagb-container.uagb-block-43da069c .uagb-container__shape.uagb-container__shape-bottom .uagb-container__shape-fill{fill: rgba(51,51,51,1);}.wp-block-uagb-container.uagb-block-43da069c .uagb-container__video-wrap video{opacity: 1;}.wp-block-uagb-container.uagb-is-root-container .uagb-block-43da069c{width: 100%;}.wp-block-uagb-container.uagb-is-root-container.alignfull.uagb-block-43da069c > .uagb-container-inner-blocks-wrap{--inner-content-custom-width: min( 100%, 1140px);max-width: var(--inner-content-custom-width);width: 100%;flex-direction: column;align-items: center;justify-content: center;flex-wrap: nowrap;row-gap: 20px;column-gap: 20px;}.wp-block-uagb-container.uagb-block-43da069c{box-shadow: 0px 0px   #00000070 ;padding-top: 0px;padding-bottom: 0px;padding-left: 0px;padding-right: 0px;margin-top:  !important;margin-bottom:  !important;overflow: visible;order: initial;border-color: inherit;flex-direction: column;align-items: center;justify-content: center;flex-wrap: nowrap;row-gap: 20px;column-gap: 20px;}@media only screen and (max-width: 976px) {.wp-block-uagb-container.uagb-is-root-container .uagb-block-969c8232{max-width: 100%;width: 100%;}.wp-block-uagb-container.uagb-block-969c8232{padding-top: 0px;padding-bottom: 0px;padding-left: 0px;padding-right: 0px;margin-top:  !important;margin-bottom:  !important;order: initial;flex-direction: row;max-width: 100% !important;}.wp-block-uagb-container.uagb-block-969c8232.wp-block-uagb-container > *:not( .wp-block-uagb-column ):not( .wp-block-uagb-section ):not( .uagb-container__shape ):not( .uagb-container__video-wrap ):not( .uagb-slider-container ):not( .spectra-container-link-overlay ):not(.spectra-image-gallery__control-lightbox):not(.wp-block-uagb-lottie):not(.uagb-container-inner-blocks-wrap){width: 100%;}.wp-block-uagb-container.uagb-block-969c8232.wp-block-uagb-container > .uagb-container-inner-blocks-wrap > *:not( .wp-block-uagb-column ):not( .wp-block-uagb-section ):not( .uagb-container__shape ):not( .uagb-container__video-wrap ):not( .uagb-slider-container ):not(.spectra-image-gallery__control-lightbox){width: 100%;}.wp-block-uagb-container.uagb-is-root-container .uagb-block-7bd92c96{width: 100%;}.wp-block-uagb-container.uagb-is-root-container.alignfull.uagb-block-7bd92c96 > .uagb-container-inner-blocks-wrap{--inner-content-custom-width: min( 100%, 1024px);max-width: var(--inner-content-custom-width);width: 100%;}.wp-block-uagb-container.uagb-block-7bd92c96{padding-top: 0px;padding-bottom: 0px;padding-left: 0px;padding-right: 0px;margin-top:  !important;margin-bottom:  !important;order: initial;}.wp-block-uagb-container.uagb-is-root-container .uagb-block-43da069c{width: 100%;}.wp-block-uagb-container.uagb-is-root-container.alignfull.uagb-block-43da069c > .uagb-container-inner-blocks-wrap{--inner-content-custom-width: min( 100%, 1024px);max-width: var(--inner-content-custom-width);width: 100%;}.wp-block-uagb-container.uagb-block-43da069c{padding-top: 0px;padding-bottom: 0px;padding-left: 0px;padding-right: 0px;margin-top:  !important;margin-bottom:  !important;order: initial;}}@media only screen and (max-width: 767px) {.wp-block-uagb-container.uagb-is-root-container .uagb-block-969c8232{max-width: 100%;width: 100%;}.wp-block-uagb-container.uagb-block-969c8232{padding-top: 0px;padding-bottom: 0px;padding-left: 0px;padding-right: 0px;margin-top:  !important;margin-bottom:  !important;order: initial;flex-direction: column;flex-wrap: wrap;max-width: 100% !important;}.wp-block-uagb-container.uagb-block-969c8232.wp-block-uagb-container > *:not( .wp-block-uagb-column ):not( .wp-block-uagb-section ):not( .uagb-container__shape ):not( .uagb-container__video-wrap ):not( .uagb-slider-container ):not( .spectra-container-link-overlay ):not(.spectra-image-gallery__control-lightbox):not(.wp-block-uagb-lottie):not(.uagb-container-inner-blocks-wrap){width: 100%;}.wp-block-uagb-container.uagb-block-969c8232.wp-block-uagb-container > .uagb-container-inner-blocks-wrap > *:not( .wp-block-uagb-column ):not( .wp-block-uagb-section ):not( .uagb-container__shape ):not( .uagb-container__video-wrap ):not( .uagb-slider-container ):not(.spectra-image-gallery__control-lightbox){width: 100%;}.wp-block-uagb-container.uagb-is-root-container .uagb-block-7bd92c96{max-width: 100%;width: 100%;}.wp-block-uagb-container.uagb-is-root-container.alignfull.uagb-block-7bd92c96 > .uagb-container-inner-blocks-wrap{--inner-content-custom-width: min( 100%, 767px);max-width: var(--inner-content-custom-width);width: 100%;flex-wrap: wrap;}.wp-block-uagb-container.uagb-block-7bd92c96{padding-top: 0px;padding-bottom: 0px;padding-left: 0px;padding-right: 0px;margin-top:  !important;margin-bottom:  !important;order: initial;flex-wrap: wrap;}.wp-block-uagb-container.uagb-is-root-container .uagb-block-43da069c{max-width: 100%;width: 100%;}.wp-block-uagb-container.uagb-is-root-container.alignfull.uagb-block-43da069c > .uagb-container-inner-blocks-wrap{--inner-content-custom-width: min( 100%, 767px);max-width: var(--inner-content-custom-width);width: 100%;flex-wrap: wrap;}.wp-block-uagb-container.uagb-block-43da069c{padding-top: 0px;padding-bottom: 0px;padding-left: 0px;padding-right: 0px;margin-top:  !important;margin-bottom:  !important;order: initial;flex-wrap: wrap;}}\";s:2:\"js\";s:0:\"\";s:18:\"current_block_list\";a:10:{i:0;s:11:\"core\/search\";i:1;s:10:\"core\/group\";i:2;s:12:\"core\/heading\";i:3;s:17:\"core\/latest-posts\";i:4;s:20:\"core\/latest-comments\";i:5;s:13:\"core\/archives\";i:6;s:15:\"core\/categories\";i:7;s:14:\"uagb\/container\";i:9;s:10:\"core\/image\";i:10;s:14:\"core\/paragraph\";}s:8:\"uag_flag\";b:1;s:11:\"uag_version\";s:10:\"1747164597\";s:6:\"gfonts\";a:0:{}s:10:\"gfonts_url\";s:0:\"\";s:12:\"gfonts_files\";a:0:{}s:14:\"uag_faq_layout\";b:0;}"],"_uag_css_file_name":["uag-css-241.css"]},"uagb_featured_image_src":{"full":false,"thumbnail":false,"medium":false,"medium_large":false,"large":false,"1536x1536":false,"2048x2048":false,"leadinjection-featured-image":false,"leadinjection-person-profile":false,"leadinjection-person-profile-small":false,"leadinjection-person-profile-image":false,"leadinjection-person-profile-desc":false,"leadinjection-gallery-image-2":false,"leadinjection-gallery-image-3":false,"leadinjection-gallery-image-4":false,"leadinjection-gallery-image-5":false,"leadinjection-gallery-image-6":false,"leadinjection-gallery-image-7":false,"leadinjection-gallery-image-8":false,"leadinjection-gallery-image-9":false,"leadinjection-gallery-image-10":false},"uagb_author_info":{"display_name":"admin","author_link":"https:\/\/cell-health.com.mx\/portal\/author\/soporte\/"},"uagb_comment_info":0,"uagb_excerpt":"[vc_row css=&#8221;.vc_custom_1744836692183{padding-top: 85px !important;}&#8221;][vc_column width=&#8221;1\/2&#8243;][\/vc_column][vc_column width=&#8221;1\/2&#8243;][vc_images_carousel images=&#8221;244,245,246,247&#8243; img_size=&#8221;full&#8221; hide_pagination_control=&#8221;yes&#8221; wrap=&#8221;yes&#8221; css=&#8221;&#8221;][\/vc_column][\/vc_row][vc_row css=&#8221;.vc_custom_1744836696390{padding-bottom: 85px !important;}&#8221;][vc_column][\/vc_column][\/vc_row]","_links":{"self":[{"href":"https:\/\/cell-health.com.mx\/portal\/wp-json\/wp\/v2\/pages\/241","targetHints":{"allow":["GET"]}}],"collection":[{"href":"https:\/\/cell-health.com.mx\/portal\/wp-json\/wp\/v2\/pages"}],"about":[{"href":"https:\/\/cell-health.com.mx\/portal\/wp-json\/wp\/v2\/types\/page"}],"author":[{"embeddable":true,"href":"https:\/\/cell-health.com.mx\/portal\/wp-json\/wp\/v2\/users\/1"}],"replies":[{"embeddable":true,"href":"https:\/\/cell-health.com.mx\/portal\/wp-json\/wp\/v2\/comments?post=241"}],"version-history":[{"count":7,"href":"https:\/\/cell-health.com.mx\/portal\/wp-json\/wp\/v2\/pages\/241\/revisions"}],"predecessor-version":[{"id":277,"href":"https:\/\/cell-health.com.mx\/portal\/wp-json\/wp\/v2\/pages\/241\/revisions\/277"}],"wp:attachment":[{"href":"https:\/\/cell-health.com.mx\/portal\/wp-json\/wp\/v2\/media?parent=241"}],"curies":[{"name":"wp","href":"https:\/\/api.w.org\/{rel}","templated":true}]}}